by 251.
9
What is the remainder when 687 is divided by 171?
3
What is the remainder when 67 is divided by 31?
5
What is the remainder when 109 is divided by 28?
25
Calculate the remainder when 6003 is divided by 231.
228
Calculate the remainder when 15 is divided by 14.
1
Calculate the remainder when 188 is divided by 52.
32
What is the remainder when 347 is divided by 165?
17
Calculate the remainder when 81 is divided by 14.
11
Calculate the remainder when 512 is divided by 503.
9
What is the remainder when 1019 is divided by 30?
29
Calculate the remainder when 264 is divided by 51.
9
Calculate the remainder when 59399 is divided by 10.
9
Calculate the remainder when 59 is divided by 3.
2
What is the remainder when 832 is divided by 17?
16
Calculate the remainder when 70 is divided by 19.
13
Calculate the remainder when 485 is divided by 111.
41
Calculate the remainder when 170 is divided by 31.
15
What is the remainder when 22 is divided by 11?
0
Calculate the remainder when 336 is divided by 87.
75
What is the remainder when 3610 is divided by 86?
84
What is the remainder when 1506 is divided by 26?
24
What is the remainder when 124 is divided by 65?
59
What is the remainder when 123 is divided by 19?
9
What is the remainder when 1049 is divided by 9?
5
What is the remainder when 159 is divided by 43?
30
What is the remainder when 275 is divided by 64?
19
What is the remainder when 67 is divided by 15?
7
What is the remainder when 296 is divided by 81?
53
What is the remainder when 113 is divided by 48?
17
Calculate the remainder when 242 is divided by 41.
37
Calculate the remainder when 499 is divided by 19.
5
What is the remainder when 460 is divided by 29?
25
Calculate the remainder when 17742 is divided by 5911.
9
Calculate the remainder when 1628 is divided by 1.
0
Calculate the remainder when 381 is divided by 13.
4
Calculate the remainder when 154 is divided by 41.
31
What is the remainder when 495 is divided by 11?
0
What is the remainder when 1031 is divided by 253?
19
Calculate the remainder when 446 is divided by 31.
12
Calculate the remainder when 343 is divided by 40.
23
What is the remainder when 400 is divided by 4?
0
What is the remainder when 13 is divided by 7?
6
Calculate the remainder when 306 is divided by 28.
26
Calculate the remainder when 212 is divided by 169.
43
Calculate the remainder when 105 is divided by 47.
11
What is the remainder when 202 is divided by 109?
93
What is the remainder when 262 is divided by 40?
22
What is the remainder when 196 is divided by 58?
22
What is the remainder when 792 is divided by 5?
2
Calculate the remainder when 29852 is divided by 23.
21
What is the remainder when 529 is divided by 107?
101
What is the remainder when 917 is divided by 33?
26
What is the remainder when 13 is divided by 8?
5
What is the remainder when 818 is divided by 5?
3
What is the remainder when 196 is divided by 19?
6
Calculate the remainder when 395 is divided by 68.
55
Calculate the remainder when 2519 is divided by 838.
5
Calculate the remainder when 142 is divided by 2.
0
Calculate the remainder when 376 is divided by 15.
1
What is the remainder when 271 is divided by 81?
28
Calculate the remainder when 1853 is divided by 49.
40
Calculate the remainder when 571 is divided by 26.
25
Calculate the remainder when 162 is divided by 48.
18
What is the remainder when 341 is divided by 109?
14
What is the remainder when 2169 is divided by 361?
3
What is the remainder when 15 is divided by 9?
6
What is the remainder when 4334 is divided by 8?
6
What is the remainder when 712 is divided by 11?
8
Calculate the remainder when 5051 is divided by 14.
11
What is the remainder when 32828 is divided by 48?
44
Calculate the remainder when 52 is divided by 11.
8
What is the remainder when 109 is divided by 42?
25
What is the remainder when 3724 is divided by 16?
12
What is the remainder when 271 is divided by 21?
19
Calculate the remainder when 143 is divided by 29.
27
Calculate the remainder when 2555 is divided by 19.
9
What is the remainder when 62 is divided by 25?
12
What is the remainder when 13180 is divided by 16?
12
Calculate the remainder when 1776 is divided by 74.
0
Calculate the remainder when 31 is divided by 7.
3
What is the remainder when 956 is divided by 20?
16
Calculate the remainder when 478 is divided by 12.
10
Calculate the remainder when 10828 is divided by 5.
3
What is the remainder when 1043 is divided by 36?
35
Calculate the remainder when 179 is divided by 56.
11
What is the remainder when 461 is divided by 21?
20
What is the remainder when 113 is divided by 23?
21
Calculate the remainder when 343 is divided by 86.
85
What is the remainder when 5804 is divided by 22?
18
Calculate the remainder when 1201 is divided by 355.
136
Calculate the remainder when 155 is divided by 47.
14
Calculate the remainder when 257 is divided by 37.
35
What is the remainder when 435 is divided by 47?
12
What is the remainder when 200 is divided by 52?
44
What is the remainder when 810 is divided by 25?
10
Calculate the remainder when 135 is divided by 60.
15
Calculate the remainder when 805 is divided by 251.
52
What is the remainder when 1430 is divided by 675?
80
What is the remainder when 169 is divided by 44?
37
What is the remainder when 21 is divided by 5?
1
Calculate the remainder when 3134 is divided by 112.
110
What is the remainder when 287 is divided by 33?
23
What is the remainder when 304 is divided by 63?
52
What is the remainder when 1327 is divided by 133?
130
Calculate the remainder when 159 is divided by 41.
36
What is the remainder when 6422 is divided by 73?
71
Calculate the remainder when 238 is divided by 30.
28
Calculate the remainder when 542 is divided by 106.
12
What is the remainder when 258 is divided by 42?
6
What is the remainder when 613 is divided by 56?
53
Calculate the remainder when 258 is divided by 84.
6
What is the remainder when 52 is divided by 21?
10
Calculate the remainder when 322 is divided by 27.
25
What is the remainder when 261 is divided by 15?
6
Calculate the remainder when 1394 is divided by 70.
64
What is the remainder when 2917 is divided by 49?
26
Calculate the remainder when 869 is divided by 10.
9
What is the remainder when 236 is divided by 16?
12
What is the remainder when 210 is divided by 24?
18
What is the remainder when 144 is divided by 29?
28
Calculate the remainder when 14 is divided by 6.
2
What is the remainder when 2791 is divided by 133?
131
What is the remainder when 654 is divided by 94?
90
Calculate the remainder when 138 is divided by 101.
37
Calculate the remainder when 344 is divided by 58.
54
What is the remainder when 9443 is divided by 126?
119
Calculate the remainder when 38 is divided by 7.
3
What is the remainder when 397 is divided by 49?
5
Calculate the remainder when 49 is divided by 17.
15
Calculate the remainder when 524 is divided by 137.
113
What is the remainder when 113 is divided by 5?
3
What is the remainder when 228 is divided by 9?
3
What is the remainder when 1288 is divided by 428?
4
What is the remainder when 1610 is divided by 135?
125
What is the remainder when 357 is divided by 15?
12
What is the remainder when 768 is divided by 22?
20
Calculate the remainder when 1759 is divided by 378.
247
What is the remainder when 136 is divided by 47?
42
What is the remainder when 106 is divided by 97?
9
Calculate the remainder when 245 is divided by 74.
23
What is the remainder when 2429 is divided by 30?
29
What is the remainder when 193 is divided by 97?
96
Calculate the remainder when 362 is divided by 24.
2
Calculate the remainder when 106 is divided by 56.
50
Calculate the remainder when 729 is divided by 17.
15
Calculate the remainder when 1965 is divided by 179.
175
Calculate the remainder when 2011 is divided by 50.
11
Calculate the remainder when 46 is divided by 31.
15
What is the remainder when 1025 is divided by 103?
98
What is the remainder when 6572 is divided by 67?
6
Calculate the remainder when 53 is divided by 14.
11
What is the remainder when 79 is divided by 60?
19
What is the remainder when 41 is divided by 5?
1
Calculate the remainder when 442 is divided by 6.
4
Calculate the remainder when 378 is divide